w = y + -59. Is (-8)/60 + 11734/w composite?
True
Suppose -25*f = -48*f + 3059. Is f a prime number?
False
Suppose 54*f = 53*f - 148. Let t = 1215 + f. Is t prime?
False
Is (-2742292)/(-308) - (0 + 18/33) composite?
True
Suppose 4*y - 8*y = -20. Suppose -5*p = 3*l - 446, y*p - 26 = l - 208. Is l composite?
False
Let g be (-3)/(-9) + (-28)/(-6). Suppose g*u + 3*f - 673 + 179 = 0, f = -5*u + 488. Is u a prime number?
True
Let t(r) = 5201*r + 164. Is t(7) prime?
True
Let q = 3935 - 3076. Is q composite?
False
Let h(s) = -7*s**2 + 1. Let x be h(-1). Let f be (-1)/(x/(-82))*33. Let v = 636 + f. Is v a composite number?
True
Is 4/(-1)*11085/(-60) composite?
False
Let p be (-12)/21 + 1 + 18/7. Suppose 5*m + 2*d - 300 = 0, -p*d - 2*d = -25. Is m prime?
False
Let x(o) = 16*o**2 + 10*o - 3*o**2 + 4*o**2 + 14 + 2*o**2. Is x(-5) a composite number?
False
Suppose -5*c + 45 = -5*a, 3*a - c + 5*c + 48 = 0. Let o(l) = -41*l + 3. Let p(x) = -163*x + 11. Let t(r) = 9*o(r) - 2*p(r). Is t(a) composite?
False
Suppose 4*f - 40 = -4*w, 3*w - 22 = -f + 8*w. Let m be 450/f*(-8)/(-6). Suppose 0 = -4*t - t + m. Is t a composite number?
True
Is 1062/42 + (-2)/7 prime?
False
Let a = 29 - 28. Let x be (0 - -321) + (a - -3). Let q = -168 + x. Is q a prime number?
True
Let k be -5*(-112)/120*(-12)/(-7). Let u(m) = 35*m + 15 + 31*m - 7*m. Is u(k) a prime number?
True
Let o be ((-6)/4)/((-12)/32). Suppose 6 = o*q - q. Suppose q*a = -4*v + 345 - 31, 4 = v. Is a a composite number?
False
Let a(q) = 31*q**3 - q**2 + q - 1. Let j be a(1). Is j/(-4)*-34 + -4 a prime number?
True
Suppose -u + 3 = 0, -4*c - 4*u = -3*c - 1649. Is c prime?
True
Suppose -23669 + 6445 = -8*q. Is q a prime number?
True
Suppose 0*z - 3*z - 6 = 0, z = 2*u + 2. Is (-143)/u*(-2)/(-1) prime?
False
Suppose -5*t = 2*c - 0*t - 905, t - 2251 = -5*c. Suppose -4*n + 7*d - 3*d = -608, -d = -3*n + c. Let q = 238 - n. Is q prime?
True
Suppose 2*y + 54 = 12. Let s(l) = 2*l**3 + 25*l**2 - 15*l - 12. Let f be s(-13). Let o = f - y. Is o composite?
True
Let o(r) = 5*r + 3. Let m be o(-6). Let h be m/(-6) - (-2)/4. Suppose 0 = h*c - c - 316. Is c composite?
False
Let r be 6/33 + 1578/33. Suppose -4*o + r + 32 = 0. Suppose 4*b + o = 0, -b + 1440 + 140 = 5*h. Is h prime?
True
Suppose 4*s = 5*s - 3. Suppose x - 3*u - 730 = -4*x, s*x - 438 = -3*u. Let t = x + 417. Is t a composite number?
False
Let a = -17 + 57. Is 621 - ((-85)/a - 2/(-16)) composite?
True
Let y be 2 - (-1)/(2/(-1962)). Let v = -590 - y. Is v prime?
True
Let t(z) = z**3 - 19*z**2 + 20*z + 14. Let w be t(18). Let y be (1*-14)/((-10)/w). Suppose 4*d - y = -d. Is d a prime number?
False
Let a(c) = 6*c**2 - 18*c + 30. Let r be a(-15). Suppose 3*l - r = 2397. Is l composite?
True
Let u = -29 - -29. Suppose u = -x - 3*p + 1630, 4902 = -2*x + 5*x + 5*p. Is x prime?
False
Let k(j) = -5*j + 9. Let t(g) = -5*g + 9. Let w(o) = 6*k(o) - 5*t(o). Let a be w(-8). Suppose -y - a = -2*y. Is y prime?
False
Let c = 6 + -2. Suppose 390 = -c*j + 7*j. Suppose p = -p + j. Is p a composite number?
True
Suppose 7*a - 3631 - 22906 = 0. Is a composite?
True
Let j be ((-1)/(-2))/((-1)/6). Let v(s) be the second derivative of 5*s**4/6 + 2*s**3/3 + s**2/2 + 9*s. Is v(j) composite?
False
Let a = 12944 - 7568. Suppose -10*x + a = -2154. Is x composite?
True
Let z(m) = -3*m**3 + 7*m**2 - 6*m + 14. Let i be z(7). Let a = 2893 + i. Is a prime?
True
Is (-1675 - 1)*(102/(-24) + -3) a composite number?
True
Is (-2)/(-4)*(-85816)/(-34) composite?
True
Is (-306856)/(-14) - 330/(-462) a composite number?
True
Suppose 8*h + 6650 = 184066. Is h a composite number?
True
Let q = 116 + -200. Let c = 429 + q. Suppose b + 2*b - c = -3*t, 4*t - 460 = 3*b. Is t composite?
True
Let b(k) = -163*k**3 + 5*k**2 + 16*k + 47. Is b(-5) composite?
True
Suppose -3*i = 2*s - 0*s - 16, 0 = -2*i + s - 1. Suppose 3*w = -10 + 22. Suppose w = -4*d, 192 = -i*a + 4*a + 2*d. Is a prime?
True
Let m(r) = 49*r**2 - 2*r + 103. Is m(8) a composite number?
True
Let s(w) = w**2 + 4*w - 1. Let i be s(-5). Suppose -i*r = -8*r + 8. Suppose o - r*o = -49. Is o a prime number?
False
Let v be 1/(-3) - 7329/(-9). Is v/4 - (-10)/(-20) prime?
False
Is 102546/21 - (-1 + (-48)/(-42)) composite?
True
Let k be (-4)/(-14) - 43240/(-70). Let q = k + 1543. Is q a composite number?
False
Let q = 17092 + -11689. Is q a composite number?
True
Let f be (-4 - (-26)/8)*(2 - 10). Suppose f*r = 5431 + 1871. Is r a prime number?
True
Suppose r - 5*t + 10*t = 21792, -21772 = -r - t. Is r a composite number?
False
Let r(s) = s**2 + 9*s + 6. Let v be r(-6). Let t = 27 + v. Is t prime?
False
Suppose x + 2*j = 270, -5*x + 4*j = -x - 1032. Let q = x - 71. Is q composite?
False
Let u(p) = 40*p**3. Let d = -9 - -8. Let k be u(d). Is (-12)/((-12)/(-3)) - k a prime number?
True
Is (-9)/(36/8) + (2 - -991) a prime number?
True
Let a(z) = 2 - 1 + 7*z**2 + 2*z + 7*z**2 + 2*z. Suppose -5*m - 15 = -4*u - u, 5*m = -2*u - 15. Is a(m) prime?
False
Suppose 0 = 5*g + 3*v - 25, 3*g + 2*v = 7 + 9. Let k = 5 - g. Suppose -30 = -k*j + 417. Is j composite?
False
Suppose -f = f - 36. Suppose 0 = -5*t - f + 63. Suppose k - 219 = 5*a, 7 = -4*a - t. Is k prime?
True
Let r(u) = u**2 - u + 1. Let k be r(2). Let p(m) = -2456 + 33*m + 278*m + 2464 - 8*m. Is p(k) a prime number?
False
Suppose 4*f = 15*m - 14*m + 60919, 3*f - 5*m = 45702. Is f prime?
False
Let k(o) = -72*o - 10. Let u be k(-4). Suppose 0 = -5*i + p + 3390, -4*i - 2*p + 2420 + u = 0. Is i a prime number?
True
Let w = -64 + 259. Suppose -5*j = -4*g + 6757, 4*j + 3179 = 2*g - w. Is g composite?
False
Suppose -w - 4*w = 2*d - 53, -d - 5*w + 29 = 0. Suppose d = -2*v + 126. Is v a prime number?
False
Let u = -4986 + 10751. Is u a composite number?
True
Suppose -3*l = 2 + 10. Is (4/6*237)/(l/(-10)) a composite number?
True
Is (-1781)/(-4*(-1)/(-4)) a prime number?
False
Suppose -19950 = -5*r - v, 3*r - 5*v - 11957 = -3*v. Is r a prime number?
True
Let v(s) = s**3 - s**2 + 2*s + 4. Let z be v(0). Suppose 0 = 3*p - 16 + z. Is 2/p*(-534)/(-3) prime?
True
Let s(d) = -7*d**3 + 3*d**2 + d - 8. Is s(-7) prime?
False
Let k(n) = -20*n**3 - 4*n**2 - 3*n + 13. Let g(x) = 10*x**3 + 2*x**2 + 2*x - 7. Let f be (-7)/2*(-1 + -1). Let y(d) = f*g(d) + 4*k(d). Is y(-3) prime?
False
Is -4*9/9 + 1697 composite?
False
Let v = -17163 - -25430. Is v a composite number?
True
Let d(t) be the third derivative of -991*t**4/12 + 25*t**3/6 - 30*t**2. Is d(-2) a prime number?
True
Let n = -1315 + 2772. Is n prime?
False
Let s(i) = 16*i**2 + 7*i + 6. Suppose -3*y = u + y + 5, 15 = -5*y. Is s(u) a prime number?
True
Let z = -7 - -7. Suppose 2*f - c - 11 = -f, z = -2*f - 4*c - 16. Suppose 4*t + 2*k = 1710, f*t + t = -4*k + 1285. Is t a prime number?
False
Suppose 5*m = -0*m + 2*k + 138, 92 = 4*m + 3*k. Suppose 2*t + 2*h + m - 176 = 0, -415 = -5*t + 5*h. Is t a composite number?
False
Let b = 318 + -116. Suppose 0 = 3*c + 2*n - 122, 3*n - b = -4*c - c. Is c a composite number?
True
Let m be (-5 + 1 + -2)*2. Let c = 31 + m. Is c composite?
False
Let i be -2*2*(-5 + (-20)/(-8)). Suppose -3*k + 947 = -i. Is k a composite number?
True
Let t = 20709 - 10792. Is t composite?
True
Suppose 374*l = 369*l + 104270. Is l composite?
True
Let n(v) = -v**3 - 38*v**2 + 190*v + 34. Is n(-43) a composite number?
False
Suppose 0 = 4*x - 69211 + 14207. Is x prime?
True
Suppose -288*l = -232*l - 861784. Is l a prime number?
False
Let h = -31 + 29. Is h + -1 - (-1668 - 4) a composite number?
False
Is (-5)/(-50) - 15156/(-40) composite?
False
Is 0/2 - ((-11 - 3) + -1323) a composite number?
True
Let t be ((-6)/2 - -1) + 5. Suppose -8 = -4*i, -t*i - 77 = -x + i. Is x composite?
True
Let k = 2760 + -1855. Suppose 0*l + 1722 = -3*l. Let h = l + k. Is h a composite number?
False
Let d(z) = -15*z**2 - 14*z - 22. Let u = -18 - -7. Let f(s) = 8*s**2 + 7*s + 11. Let x(c) = u*f(c) - 6*d(c). Is x(-8) a prime number?
True
Is (385 - -118)/(2/2) a prime number?
True
Suppose -5*n + 6 = 4*z - 0*n, -5*z - 2*n + 16 = 0. Let i(m) = -40*m + 2. Let w(s) = -40*s + 3. Let o(r) = -4*i(r) + 3*w(r). Is o(z) composite?
True
Suppose -c - 4*z = 2*c - 11351, -2*c + 2*z + 7572 = 0. Is c a composite number?
True
Let q be (12 - 0)*(-434)/(-14). Suppose -3*w - 3*t + 671 = 116, -2*w = t - q. Let c = w - 116. Is c a pri